
What is the units digit of 5945?
5
What is the units digit of 1789?
9
What is the thousands digit of 17957?
7
What is the units digit of 44201?
1
What is the thousands digit of 35824?
5
What is the tens digit of 278?
7
What is the units digit of 235?
5
What is the thousands digit of 8265?
8
What is the tens digit of 1233?
3
What is the hundreds digit of 4506?
5
What is the thousands digit of 8023?
8
What is the ten thousands digit of 60244?
6
What is the units digit of 758?
8
What is the hundreds digit of 693?
6
What is the tens digit of 12194?
9
What is the hundreds digit of 1161?
1
What is the thousands digit of 120028?
0
What is the ten thousands digit of 38447?
3
What is the hundreds digit of 6316?
3
What is the hundreds digit of 10172?
1
What is the hundreds digit of 9548?
5
What is the thousands digit of 10753?
0
What is the hundreds digit of 757?
7
What is the hundreds digit of 5312?
3
What is the thousands digit of 2889?
2
What is the thousands digit of 15324?
5
What is the units digit of 796?
6
What is the hundred thousands digit of 107339?
1
What is the hundreds digit of 49504?
5
What is the units digit of 409?
9
What is the tens digit of 5232?
3
What is the tens digit of 2742?
4
What is the units digit of 200264?
4
What is the units digit of 1634?
4
What is the hundreds digit of 617?
6
What is the ten thousands digit of 86932?
8
What is the tens digit of 22883?
8
What is the thousands digit of 2368?
2
What is the thousands digit of 23080?
3
What is the hundreds digit of 6412?
4
What is the units digit of 408?
8
What is the units digit of 56184?
4
What is the hundreds digit of 338?
3
What is the units digit of 6007?
7
What is the units digit of 33713?
3
What is the hundreds digit of 824?
8
What is the tens digit of 29076?
7
What is the thousands digit of 1523?
1
What is the hundreds digit of 2804?
8
What is the units digit of 3959?
9
What is the units digit of 6571?
1
What is the ten thousands digit of 30523?
3
What is the tens digit of 2560?
6
What is the hundreds digit of 23043?
0
What is the hundreds digit of 1308?
3
What is the units digit of 626?
6
What is the ten thousands digit of 46587?
4
What is the hundreds digit of 344?
3
What is the units digit of 7077?
7
What is the tens digit of 1190?
9
What is the tens digit of 14727?
2
What is the hundreds digit of 70343?
3
What is the hundreds digit of 900?
9
What is the hundreds digit of 17507?
5
What is the hundreds digit of 200?
2
What is the ten thousands digit of 126686?
2
What is the tens digit of 127310?
1
What is the thousands digit of 1948?
1
What is the ten thousands digit of 32734?
3
What is the hundreds digit of 25530?
5
What is the units digit of 336?
6
What is the hundreds digit of 1987?
9
What is the hundreds digit of 9405?
4
What is the tens digit of 840?
4
What is the units digit of 1743?
3
What is the ten thousands digit of 18193?
1
What is the tens digit of 449?
4
What is the units digit of 1078?
8
What is the hundreds digit of 59607?
6
What is the ten thousands digit of 37838?
3
What is the hundreds digit of 11749?
7
What is the thousands digit of 16056?
6
What is the units digit of 11115?
5
What is the thousands digit of 1736?
1
What is the units digit of 9343?
3
What is the thousands digit of 1257?
1
What is the thousands digit of 43288?
3
What is the thousands digit of 1566?
1
What is the units digit of 2806?
6
What is the thousands digit of 3614?
3
What is the thousands digit of 49402?
9
What is the ten thousands digit of 78974?
7
What is the ten thousands digit of 26398?
2
What is the tens digit of 23662?
6
What is the hundreds digit of 65233?
2
What is the ten thousands digit of 45472?
4
What is the units digit of 75326?
6
What is the tens digit of 6863?
6
What is the thousands digit of 1639?
1
What is the hundreds digit of 8915?
9
What is the hundreds digit of 3665?
6
What is the hundreds digit of 66585?
5
What is the tens digit of 39091?
9
What is the ten thousands digit of 57933?
5
What is the ten thousands digit of 67643?
6
What is the tens digit of 1158?
5
What is the tens digit of 10659?
5
What is the hundreds digit of 167909?
9
What is the thousands digit of 1421?
1
What is the ten thousands digit of 24459?
2
What is the ten thousands digit of 70347?
7
What is the hundreds digit of 21762?
7
What is the hundreds digit of 104656?
6
What is the hundreds digit of 62132?
1
What is the units digit of 370?
0
What is the tens digit of 2872?
7
What is the units digit of 22614?
4
What is the thousands digit of 10561?
0
What is the units digit of 28593?
3
What is the units digit of 898?
8
What is the thousands digit of 1115?
1
What is the hundreds digit of 3032?
0
What is the hundreds digit of 38576?
5
What is the tens digit of 1395?
9
What is the units digit of 17122?
2
What is the tens digit of 2017?
1
What is the thousands digit of 14770?
4
What is the units digit of 24549?
9
What is the tens digit of 854?
5
What is the tens digit of 3095?
9
What is the thousands digit of 106470?
6
What is the hundreds digit of 23336?
3
What is the hundreds digit of 144600?
6
What is the hundreds digit of 23873?
8
What is the thousands digit of 9196?
9
What is the tens digit of 7738?
3
What is the ten thousands digit of 37848?
3
What is the units digit of 20031?
1
What is the tens digit of 1495?
9
What is the tens digit of 451?
5
What is the units digit of 12691?
1
What is the thousands digit of 40204?
0
What is the hundreds digit of 790?
7
What is the hundreds digit of 3237?
2
What is the hundred thousands digit of 123855?
1
What is the ten thousands digit of 114501?
1
What is the thousands digit of 5594?
5
What is the hundreds digit of 8611?
6
What is the units digit of 440?
0
What is the thousands digit of 85517?
5
What is the units digit of 1379?
9
What is the units digit of 717?
7
What is the tens digit of 1092?
9
What is the tens digit of 563?
6
What is the hundreds digit of 202?
2
What is the tens digit of 533?
3
What is the hundreds digit of 8362?
3
What is the hundred thousands digit of 101051?
1
What is the units digit of 5?
5
What is the hundreds digit of 48536?
5
What is the thousands digit of 12514?
2
What is the hundreds digit of 64905?
9
What is the tens digit of 5338?
3
What is the units digit of 97413?
3
What is the units digit of 24140?
0
What is the thousands digit of 44332?
4
What is the hundreds digit of 285?
2
What is the hundreds digit of 4941?
9
What is the hundreds digit of 4409?
4
What is the tens digit of 548?
4
What is the tens digit of 771?
7
What is the thousands digit of 2380?
2
What is the thousands digit of 45796?
5
What is the ten thousands digit of 37523?
3
What is the units digit of 29661?
1
What is the units digit of 164089?
9
What is the thousands digit of 29698?
9
What is the hundred thousands digit of 109518?
1
What is the tens digit of 49363?
6
What is the units digit of 2844?
4
What is the ten thousands digit of 72440?
7
What is the units digit of 6477?
7
What is the units digit of 6161?
1
What is the ten thousands digit of 27410?
2
What is the tens digit of 554?
5
What is the hundreds digit of 7071?
0
What is the tens digit of 1133?
3
What is the units digit of 7133?
3
What is the hundreds digit of 13867?
8
What is the units digit of 62886?
6
What is the units digit of 4473?
3
What is the tens digit of 1318?
1
What is the thousands digit of 39908?
9
What is the tens digit of 161591?
9
What is the units digit of 9050?
0
What is the thousands digit of 50322?
0
What is the ten thousands digit of 58325?
5
What is the hundreds digit of 1812?
8
What is the thousands digit of 22004?
2
What is the tens digit of 50425?
2
What is the hundreds digit of 7166?
1
What is the ten thousands digit of 32282?
3
What is the units digit of 101166?
6
What is the units digit of 1868?
8
What is the hundreds digit of 105140?
1
What is the thousands digit of 7743?
7
What is the tens digit of 114832?
3
What is the ten thousands digit of 177479?
7
What is the hundreds digit of 12742?
7
What is the thousands digit of 3279?
3
What is the thousands digit of 5635?
5
What is the thousands digit of 156091?
6
What is the hundreds digit of 863?
8
What is the hundreds digit of 1382?
3
What is the units digit of 964?
4
What is the thousands digit of 51589?
1
What i